 5*b - q - 9 = 17. Let r(a) = -a**2 + 7*a - 4. Let u be r(b). Suppose -u = -j, 2*d = 2*j + 9 + 29. What are the prime factors of d?
3, 7
Let h(q) = q**3 + 7*q**2 - q + 10. Let r be h(-7). What are the prime factors of (-365)/(-2) - r/(-34)?
3, 61
Suppose 5*b = -2*i + 2329, -b + 5*i = 2*i - 476. Suppose -5*y + 3*y = 3*v - 235, -4*y - 3*v = -b. List the prime factors of y.
2, 29
Let j(k) be the third derivative of 0 + 1/3*k**3 + 0*k + 12*k**2 + 1/24*k**4. What are the prime factors of j(9)?
11
Let w = 3282 - 1780. What are the prime factors of w?
2, 751
Suppose 0 = -b + 13 - 3. Let t be 16/6*(-7 + b). Suppose -o + t = -16. List the prime factors of o.
2, 3
Suppose -2*f + 3*u = 33, -6*f - 2*u - 74 = -2*f. List the prime factors of f/(-6) + ((-126)/2)/(-1).
2, 3, 11
Let n = -71 - -175. List the prime factors of n.
2, 13
Suppose -4*x + 12 = -0*x. Suppose 0 = -2*b - 5*l + 143, -5*b + 5*l = x*l - 314. Suppose 6 = 3*q - 6*q, -4*n = 4*q - b. What are the prime factors of n?
2, 3
Suppose 47*i - 39*i = 7824. What are the prime factors of i?
2, 3, 163
Suppose 2*s + 2 = 8. Let u be (-6)/(-6)*(2 - -1). Suppose -u*w + 3*z = -4*w + 40, -2*w - s*z = -65. List the prime factors of w.
5
Let v be (4/20)/(3/15)*-2. Let w = v + 86. List the prime factors of w.
2, 3, 7
List the prime factors of -2 + 7 - 2/((-12)/5754).
2, 241
Suppose 1095 = 8*x - 2641. What are the prime factors of x?
467
Let t(y) = -16*y - 2. Suppose m - 5*b = 3*m + 31, 5*b = -m - 28. Let k be t(m). Let l = -23 + k. List the prime factors of l.
23
Let n = -680 + 1170. List the prime factors of n.
2, 5, 7
Let h(d) = -d**3 + 10*d**2 + 18*d - 10. Let a be h(11). Suppose 4*k = n + 505, 2*k - 324 + a = -n. List the prime factors of k.
127
Suppose 10178 - 3938 = 8*p. What are the prime factors of p?
2, 3, 5, 13
Let o be -2 - (-4 - -4 - 2). Suppose o = 5*x - 2*x + 12, -172 = -4*m - 2*x. List the prime factors of m.
3, 5
Let z = 206 + 12. What are the prime factors of z?
2, 109
Suppose -2*y + 4 = -4*y. Let l(t) = 20*t**2 + t + 1. Let j be l(y). Suppose u - 4*q = 33, j = 3*u - q - q. What are the prime factors of u?
5
Suppose 0 = -z + 3*t + 1754, -3*t - 3496 = z - 3*z. List the prime factors of z.
2, 13, 67
List the prime factors of 14/((-105)/(-98) + -1).
2, 7
Let i = 199 + 4. Suppose 7*z = -0*z + i. List the prime factors of z.
29
Let b = -508 - -1469. List the prime factors of b.
31
Let b(w) = -w**3 + 4*w**2 + 5*w + 4. Let k be b(5). Suppose -k*x - 2*c + 132 = 0, -5*x + 3*c + 19 = -124. What are the prime factors of x?
31
Suppose 6*d - 1283 = 109. List the prime factors of d.
2, 29
Suppose 39*l = -12748 + 199870. What are the prime factors of l?
2, 2399
Let y(z) = 3*z**2 + 12*z + 6. Let f be y(-4). Suppose v - f = -4*w, 0 = 4*w - 0*w + 3*v - 2. What are the prime factors of w?
2
Let i = -14 + 7. Let y(w) = w**2 + 6*w - 5. Let x be y(i). Suppose z = 3*a + x*a + 13, 5*z - 4*a - 128 = 0. What are the prime factors of z?
2, 7
Let s(w) = -w. Let t be s(-2). Let b be 1/((t*-2)/(-16)). Suppose 3*r + c - 43 = 31, -b*r + c = -87. What are the prime factors of r?
23
Let g = -31 - -19. Let l = g + 12. Suppose l = -4*i + 23 + 81. List the prime factors of i.
2, 13
Let u(m) = 3*m - 29. Let f be u(9). Let r(w) = -14*w**3 + 2. What are the prime factors of r(f)?
2, 3, 19
Let w(q) = 6*q**2 + 3*q - 10. Let y(r) = -5*r**2 - 4*r + 9. Let c be 15/4 + (-5)/(-20). Let l(u) = c*w(u) + 5*y(u). What are the prime factors of l(-7)?
2, 3
Suppose -5*y + 2*y - 20 = 2*l, 0 = -4*y + 4*l - 20. Let q = 10 + y. Suppose 7*h - 3*h + c = 13, -q*h - 2*c = -10. What are the prime factors of h?
2
Let s(t) be the first derivative of t**3/3 + 21*t - 27. List the prime factors of s(-11).
2, 71
Let x = -1 - 19. What are the prime factors of (935/x)/11*(-1 + -11)?
3, 17
Let i(h) = h**3 + 4*h**2 - 2. Let u be i(-4). What are the prime factors of 126/28 - u/(-4)?
2
Let b = -223 + 1290. What are the prime factors of b?
11, 97
Suppose 0 = -2*w - j + 3, -8 = -2*w + 2*j + 4. Suppose -2 = -w*x + 1. Let g(y) = 15*y + 1. List the prime factors of g(x).
2
Let q(p) = -8*p**3 - p**2 + 20*p + 107. What are the prime factors of q(-5)?
2, 491
Suppose 4*k + 2*n = -2*n + 84, 4*k = -5*n + 82. Let t = 17 - k. What are the prime factors of 1272/18 + (-8)/t?
2, 3
Suppose -5*x + 68 = -77. Suppose 0 = x*o - 24*o. Suppose 21 = g - o. What are the prime factors of g?
3, 7
Suppose -20 = -3*v - 2*v. Suppose 3*d - l - 2 + 4 = 0, v = -d + 2*l. Suppose d*s = 3*h - 5*s - 54, -2*s + 6 = 0. List the prime factors of h.
23
Let p be -4 + (-39)/(-12) - 7/(-4). List the prime factors of 17*p - (-8 + 6).
19
Let s(d) = -17*d - 9. Let u be s(8). Let y = u - -251. List the prime factors of y/10 + 10/25.
11
Let r(h) = 57*h + 11. Let y be r(5). Let z = y - 166. What are the prime factors of z?
2, 5, 13
Let r(k) = 6*k**3 - 5*k**2 + 9*k + 9. List the prime factors of r(5).
7, 97
Suppose 6 = -2*m, -m - 2*m = -4*b + 2097. What are the prime factors of b?
2, 3, 29
Suppose -o + 2*q = 4*q - 4, -3*o = -3*q - 12. What are the prime factors of 214/o - (-18)/(-12)?
2, 13
Let v = 19 + -15. Let w = 20 - v. What are the prime factors of w?
2
Suppose -4*u - 5*i - 3 = 0, 8*i - 5 = 3*i. Let b be (1/u)/(6/(-60)). Suppose l = 3*h + 14, 0 + 2 = b*l + 2*h. List the prime factors of l.
2
Let b(r) = 1 - 1 + 2 - 4 - 5*r + 5*r**2. What are the prime factors of b(-3)?
2, 29
Suppose -30 = 2*i - 7*i. Let t(h) = 15*h - 13*h - 5*h**2 + h**3 + 5 - 4. What are the prime factors of t(i)?
7
Suppose 9*a - 95 = 4*a. Suppose -a*l = -21*l + 118. What are the prime factors of l?
59
Suppose -72 = -2*i - 2*r, -7*i + 2*i + 3*r = -204. List the prime factors of i.
3, 13
Let z be (-2 - 1) + ((-38536)/(-4) - 1). List the prime factors of 2/6*z/30.
107
Suppose 3*d + 2*d - 815 = -5*w, -5*d + 485 = 3*w. Suppose 4*v + n + 4*n - w = 0, 37 = v - 3*n. List the prime factors of v.
2, 5
Suppose 0*o - o = 0. What are the prime factors of (-3)/(-6)*71*(2 - o)?
71
Suppose -f + 528 - 112 = 0. What are the prime factors of f?
2, 13
Let j = 54 + 61. What are the prime factors of j?
5, 23
Let b(j) = 5*j**2. Suppose 0 = -4*t + 21 + 11. Let u = t + -9. What are the prime factors of b(u)?
5
Let y be (-2)/(-8) - (-985)/(-20). Let p = 83 + y. What are the prime factors of p?
2, 17
Suppose 18*l - 6*l - 5544 = 0. Suppose -6*z + 48 = -l. List the prime factors of z.
5, 17
Suppose -4*h + 4416 = 4*s, -3*h - 2*s - 575 = -3884. What are the prime factors of h?
3, 367
Let y(q) = -2*q**2 + 14*q - 9. Let r be y(9). Let g be r/(-6)*(-4)/(-6). Suppose 0*s - 1 = -c + s, 3*s - 45 = -g*c. What are the prime factors of c?
2, 3
Let b(f) = 8*f**2 + 5*f - 34. List the prime factors of b(11).
23, 43
Suppose -432 = -6*m + 4*m. What are the prime factors of m?
2, 3
Suppose s = -3*s. Suppose 2*c - 21 - 3 = s. Suppose 7*i - c = 4*i. List the prime factors of i.
2
Suppose 5*p = -5*h + 30, 5*p - 2*h = 3*h + 20. Let m(t) = t**2 + 2*t + 9. Let w be m(-7). Suppose -51 - w = -p*r. List the prime factors of r.
19
What are the prime factors of -7 + (-114)/(-11 - -8)?
31
Let f(c) = 23*c**2 + 13*c + 35. List the prime factors of f(8).
3, 179
Let d = 9 - 7. Suppose 0 = d*r + 5*h + 10, 5*r + 0*h - h - 29 = 0. What are the prime factors of r?
5
Suppose -11 = 3*a - 2. Let c = 0 - a. What are the prime factors of ((-12)/4)/c - -19?
2, 3
Let v be -66*(-5)/((-15)/(-2)). Let i be v/3 + (-8)/(-24). List the prime factors of (-4)/10 + 486/i.
2
Let u = -1199 - -2098. What are the prime factors of u?
29, 31
Suppose 8*d + 3117 = 13741. List the prime factors of d.
2, 83
Suppose 15*u = 11*u + 56. Suppose 3*m - u = 73. Let o = m + -5. What are the prime factors of o?
2, 3
Let l(p) = p - 11. Suppose -5*x + 3*x = -28. Let q be l(x). Suppose -q*o = 2*s - 77, 0 = -5*s - 5*o + 219 - 24. What are the prime factors of s?
2, 5
Suppose 24*z + 4850 = 29*z + 5*m, 0 = -3*z - 5*m + 2906. What are the prime factors of z?
2, 3
Let z = -172 - -387. Let a = z - 326. Let c = -63 - a. List the prime factors of c.
2, 3
Let n(i) = -i + 9. Let k be n(7). Suppose 2*o = -k*q - 6, 4*o = o - q + 1. What are the prime factors of (o - -5) + -3 + -1?
3
Let b = -33 + 37. Suppose 5*m - 9 = -i + 6, -b*m = -4. What are the prime factors of i?
2, 5
Let c(b) = -b**3 + 13*b**2 + 9. Let y be c(13). Let w be 68/16 - y/(-12). Suppose -2